{"id":94,"date":"2020-11-10T16:53:27","date_gmt":"2020-11-10T16:53:27","guid":{"rendered":"http:\/\/trabajosocial.ubiobio.cl\/?page_id=94"},"modified":"2021-07-30T15:09:09","modified_gmt":"2021-07-30T19:09:09","slug":"ubicacion-y-contacto","status":"publish","type":"page","link":"http:\/\/trabajosocial.ubiobio.cl\/?page_id=94","title":{"rendered":"Ubicaci\u00f3n y Contacto"},"content":{"rendered":"\n<p style=\"font-size:18px\"><strong>Sede Chill\u00e1n<\/strong><\/p>\n\n\n\n<p><strong>UBICACI\u00d3N:<\/strong><\/p>\n\n\n\n<p>Avda. Brasil 1180 &#8211; CP: 3800949.<\/p>\n\n\n\n<iframe src=\"https:\/\/www.google.com\/maps\/embed?pb=!1m18!1m12!1m3!1d3202.6521499418227!2d-72.12041348491647!3d-36.61068597998802!2m3!1f0!2f0!3f0!3m2!1i1024!2i768!4f13.1!3m3!1m2!1s0x9669281ffc3c9e37%3A0x775050a9c46e8ada!2sUniversidad%20del%20B%C3%ADo-B%C3%ADo%20Campus%20La%20Castilla!5e0!3m2!1ses-419!2scl!4v1618960211529!5m2!1ses-419!2scl\" style=\"border:0;\" allowfullscreen=\"\" loading=\"lazy\" width=\"600\" height=\"450\"><\/iframe>\n\n\n\n<p><strong><span class=\"has-inline-color has-primary-color\"><font style=\"vertical-align: inherit;\"><font style=\"vertical-align: inherit;\">CONTACTO:<\/font><\/font><\/span><\/strong><br><font style=\"vertical-align: inherit;\"><font style=\"vertical-align: inherit;\">Secretaria Ejecutiva: Sandra Guzm\u00e1n Fern\u00e1ndez. <\/font><\/font><br><font style=\"vertical-align: inherit;\"><font style=\"vertical-align: inherit;\">Tel\u00e9fono: +56 (42) 2463546 Correo: saguzman@ubiobio.cl<\/font><\/font><\/p>\n\n\n\n<p style=\"font-size:18px\"><strong>Sede Concepci\u00f3n<\/strong><\/p>\n\n\n\n<p style=\"font-size:-1px\"><strong>UBICACI\u00d3N:<\/strong><\/p>\n\n\n\n<p>Avda. Collao 1202, Casilla 5-C \u2013 CP: 4051381.<\/p>\n\n\n\n<iframe src=\"https:\/\/www.google.com\/maps\/embed?pb=!1m18!1m12!1m3!1d3193.8338489561943!2d-73.01545978470945!3d-36.82250117994408!2m3!1f0!2f0!3f0!3m2!1i1024!2i768!4f13.1!3m3!1m2!1s0x9669b41835139b61%3A0x4c8fe1808ebdd3f9!2sUniversidad%20del%20B%C3%ADo-B%C3%ADo!5e0!3m2!1ses-419!2scl!4v1618957946696!5m2!1ses-419!2scl\" style=\"border:0;\" allowfullscreen=\"\" loading=\"lazy\" width=\"600\" height=\"450\"><\/iframe>\n\n\n\n<p><strong><font style=\"vertical-align: inherit;\"><font style=\"vertical-align: inherit;\">CONTACTO:<\/font><\/font><\/strong><br><font style=\"vertical-align: inherit;\"><font style=\"vertical-align: inherit;\">Secretaria Ejecutiva: Ester Vallejos Ram\u00edrez. <\/font><\/font><br><font style=\"vertical-align: inherit;\"><font style=\"vertical-align: inherit;\">Tel\u00e9fono: +56 (41) 3111072 Correo: evallejos@ubiobio.cl<\/font><\/font><\/p>\n\n\n\n<p><\/p>\n","protected":false},"excerpt":{"rendered":"<p>Sede Chill\u00e1n UBICACI\u00d3N: Avda. Brasil 1180 &#8211; CP: 3800949. CONTACTO:Secretaria Ejecutiva: Sandra Guzm\u00e1n Fern\u00e1ndez. Tel\u00e9fono: +56 (42) 2463546 Correo: saguzman@ubiobio.cl Sede Concepci\u00f3n UBICACI\u00d3N: Avda. Collao 1202, Casilla 5-C \u2013 CP: 4051381. CONTACTO:Secretaria Ejecutiva: Ester Vallejos Ram\u00edrez. Tel\u00e9fono: +56 (41) 3111072 Correo: evallejos@ubiobio.cl<\/p>\n","protected":false},"author":1,"featured_media":0,"parent":6,"menu_order":7,"comment_status":"closed","ping_status":"closed","template":"","meta":{"pgc_sgb_lightbox_settings":""},"_links":{"self":[{"href":"http:\/\/trabajosocial.ubiobio.cl\/index.php?rest_route=\/wp\/v2\/pages\/94"}],"collection":[{"href":"http:\/\/trabajosocial.ubiobio.cl\/index.php?rest_route=\/wp\/v2\/pages"}],"about":[{"href":"http:\/\/trabajosocial.ubiobio.cl\/index.php?rest_route=\/wp\/v2\/types\/page"}],"author":[{"embeddable":true,"href":"http:\/\/trabajosocial.ubiobio.cl\/index.php?rest_route=\/wp\/v2\/users\/1"}],"replies":[{"embeddable":true,"href":"http:\/\/trabajosocial.ubiobio.cl\/index.php?rest_route=%2Fwp%2Fv2%2Fcomments&post=94"}],"version-history":[{"count":17,"href":"http:\/\/trabajosocial.ubiobio.cl\/index.php?rest_route=\/wp\/v2\/pages\/94\/revisions"}],"predecessor-version":[{"id":1031,"href":"http:\/\/trabajosocial.ubiobio.cl\/index.php?rest_route=\/wp\/v2\/pages\/94\/revisions\/1031"}],"up":[{"embeddable":true,"href":"http:\/\/trabajosocial.ubiobio.cl\/index.php?rest_route=\/wp\/v2\/pages\/6"}],"wp:attachment":[{"href":"http:\/\/trabajosocial.ubiobio.cl\/index.php?rest_route=%2Fwp%2Fv2%2Fmedia&parent=94"}],"curies":[{"name":"wp","href":"https:\/\/api.w.org\/{rel}","templated":true}]}}

Ubicación y Contacto

<p style="font-size:18px"><strong>Sede Chillán</strong></p>



<p><strong>UBICACIÓN:</strong></p>



<p>Avda. Brasil 1180 &#8211; CP: 3800949.</p>



<iframe src="https://www.google.com/maps/embed?pb=!1m18!1m12!1m3!1d3202.6521499418227!2d-72.12041348491647!3d-36.61068597998802!2m3!1f0!2f0!3f0!3m2!1i1024!2i768!4f13.1!3m3!1m2!1s0x9669281ffc3c9e37%3A0x775050a9c46e8ada!2sUniversidad%20del%20B%C3%ADo-B%C3%ADo%20Campus%20La%20Castilla!5e0!3m2!1ses-419!2scl!4v1618960211529!5m2!1ses-419!2scl" style="border:0;" allowfullscreen="" loading="lazy" width="600" height="450"></iframe>



<p><strong><span class="has-inline-color has-primary-color"><font style="vertical-align: inherit;"><font style="vertical-align: inherit;">CONTACTO:</font></font></span></strong><br><font style="vertical-align: inherit;"><font style="vertical-align: inherit;">Secretaria Ejecutiva: Sandra Guzmán Fernández. </font></font><br><font style="vertical-align: inherit;"><font style="vertical-align: inherit;">Teléfono: +56 (42) 2463546 Correo: saguzman@ubiobio.cl</font></font></p>



<p style="font-size:18px"><strong>Sede Concepción</strong></p>



<p style="font-size:-1px"><strong>UBICACIÓN:</strong></p>



<p>Avda. Collao 1202, Casilla 5-C – CP: 4051381.</p>



<iframe src="https://www.google.com/maps/embed?pb=!1m18!1m12!1m3!1d3193.8338489561943!2d-73.01545978470945!3d-36.82250117994408!2m3!1f0!2f0!3f0!3m2!1i1024!2i768!4f13.1!3m3!1m2!1s0x9669b41835139b61%3A0x4c8fe1808ebdd3f9!2sUniversidad%20del%20B%C3%ADo-B%C3%ADo!5e0!3m2!1ses-419!2scl!4v1618957946696!5m2!1ses-419!2scl" style="border:0;" allowfullscreen="" loading="lazy" width="600" height="450"></iframe>



<p><strong><font style="vertical-align: inherit;"><font style="vertical-align: inherit;">CONTACTO:</font></font></strong><br><font style="vertical-align: inherit;"><font style="vertical-align: inherit;">Secretaria Ejecutiva: Ester Vallejos Ramírez. </font></font><br><font style="vertical-align: inherit;"><font style="vertical-align: inherit;">Teléfono: +56 (41) 3111072 Correo: evallejos@ubiobio.cl</font></font></p>



<p></p>

<p>Sede Chillán UBICACIÓN: Avda. Brasil 1180 &#8211; CP: 3800949. CONTACTO:Secretaria Ejecutiva: Sandra Guzmán Fernández. Teléfono: +56 (42) 2463546 Correo: saguzman@ubiobio.cl Sede Concepción UBICACIÓN: Avda. Collao 1202, Casilla 5-C – CP: 4051381. CONTACTO:Secretaria Ejecutiva: Ester Vallejos Ramírez. Teléfono: +56 (41) 3111072 Correo: evallejos@ubiobio.cl</p>
