{"id":91,"date":"2020-11-10T16:51:52","date_gmt":"2020-11-10T16:51:52","guid":{"rendered":"http:\/\/trabajosocial.ubiobio.cl\/?page_id=91"},"modified":"2021-09-27T17:48:34","modified_gmt":"2021-09-27T20:48:34","slug":"consejo-asesor","status":"publish","type":"page","link":"http:\/\/trabajosocial.ubiobio.cl\/?page_id=91","title":{"rendered":"Consejo Asesor"},"content":{"rendered":"\n<p>La carrera tiene un Consejo Asesor Externo en la sede Chill\u00e1n y otro en la sede Concepci\u00f3n. El objetivo del Consejo Asesor es mantener, desarrollar y fortalecer el v\u00ednculo permanente del mundo acad\u00e9mico con el laboral, colaborando con el desarrollo de la carrera en aspectos curriculares, en sus proyecciones estrat\u00e9gicas y en su relaci\u00f3n con el medio laboral y entorno en general.<\/p>\n\n\n\n<p>Las funciones espec\u00edficas del Consejo Asesor se centran en apoyar:<\/p>\n\n\n\n<ul><li><span class=\"has-inline-color has-black-color\">La definici\u00f3n, revisi\u00f3n, ajuste y\/o modificaci\u00f3n de aspectos o temas curriculares de la Carrera (perfil de egreso, Plan de Estudios, malla curricular, programas de asignaturas, entre otros), considerando las caracter\u00edsticas y requerimientos del medio laboral, los avances de la disciplina, los lineamientos y orientaciones de la Unidad Acad\u00e9mica de la que depende la Carrera, y de la instituci\u00f3n.<\/span><\/li><li><span class=\"has-inline-color has-black-color\">La definici\u00f3n de orientaciones de desarrollo de la Carrera y de las Unidades Acad\u00e9micas involucradas, relacionadas con la Misi\u00f3n, Visi\u00f3n y Objetivos que guiar\u00e1n su accionar.<\/span><\/li><li><span class=\"has-inline-color has-black-color\">La definici\u00f3n de temas y\/o \u00e1reas de inter\u00e9s para el desarrollo de proyectos de estudiantes, especialmente en el \u00e1mbito del proceso de titulaci\u00f3n.<\/span><\/li><li><span class=\"has-inline-color has-black-color\">La definici\u00f3n, creaci\u00f3n y desarrollo de redes de colaboraci\u00f3n que faciliten o promuevan la instauraci\u00f3n de fuentes de pr\u00e1cticas y de trabajo para estudiantes, egresados y titulados, seg\u00fan corresponda.<\/span><\/li><li><span class=\"has-inline-color has-black-color\">La definici\u00f3n de actividades que colaboren en la vinculaci\u00f3n de la Carrera y de las Unidades Acad\u00e9micas involucradas con el medio laboral y el entorno en general, bajo una perspectiva de mutuo inter\u00e9s y beneficios (por ejemplo, desarrollo de Asistencia T\u00e9cnica, Investigaci\u00f3n aplicada, etc).<\/span><\/li><\/ul>\n\n\n\n<p>El Consejo Asesor se reune, al menos, una vez al a\u00f1o y\/o cada vez que se requiera, para tratar los temas asociados al cumplimiento de sus funciones.<\/p>\n\n\n\n<p><strong>Integrantes Consejo Asesor Externo, sede Chill\u00e1n<\/strong><\/p>\n\n\n\n<div class=\"wp-block-group\"><div class=\"wp-block-group__inner-container\">\n<div class=\"wp-block-columns\">\n<div class=\"wp-block-column\" style=\"flex-basis:100%\">\n<figure class=\"wp-block-table is-style-stripes\"><table class=\"has-fixed-layout\"><thead><tr><th><\/th><th><\/th><\/tr><\/thead><tbody><tr><td><strong>Representaci\u00f3n<\/strong><\/td><td><strong>Nombre<\/strong><strong><\/strong><\/td><\/tr><tr><td>Empleadora, Instituto de Previsi\u00f3n Social \u00d1uble<\/td><td>Yoselyn Soto V\u00e1squez<\/td><\/tr><tr><td>Empleadora, Servicio de Salud \u00d1uble<\/td><td>Laura Bahamondez S\u00e1ez<\/td><\/tr><tr><td>Egresada<\/td><td>Francisca Nu\u00f1ez Merino<\/td><\/tr><tr><td>Egresado<\/td><td>Geraldo Padilla Fuentes<\/td><\/tr><tr><td>Egresada<\/td><td>Mar\u00eda Paz Aburto Navarrete<\/td><\/tr><tr><td>Acad\u00e9mico Universidad de Valpara\u00edso<\/td><td>Claudio Montero Urrutia<\/td><\/tr><tr><td>Acad\u00e9mico Universidad Cat\u00f3lica de Temuco<\/td><td>Luis Vivero Arriagada<\/td><\/tr><\/tbody><\/table><\/figure>\n<\/div>\n<\/div>\n<\/div><\/div>\n\n\n\n<p><strong>Integrantes Consejo Asesor Externo, sede Concepci\u00f3n<\/strong><\/p>\n\n\n\n<figure class=\"wp-block-table is-style-stripes\"><table class=\"has-fixed-layout\"><thead><tr><th><\/th><th><\/th><\/tr><\/thead><tbody><tr><td><strong>Representaci\u00f3n<\/strong><\/td><td><strong>Nombre<\/strong><strong><\/strong><\/td><\/tr><tr><td>Empleador, OPD de la comuna de Paillaco<\/td><td>Luis Pinto \u00c1lvarez<\/td><\/tr><tr><td>Empleadora, Depto de Administraci\u00f3n de Salud Municipal, Talcahuano<\/td><td>Loreto Cerda San Mart\u00edb<\/td><\/tr><tr><td>Egresada<\/td><td>Diana Vera Castillo<\/td><\/tr><tr><td>Egresado<\/td><td>Mayed Metuaze Zeid\u00e1n<\/td><\/tr><tr><td>Egresada<\/td><td>Mariana Rojas Oliva<\/td><\/tr><tr><td>Acad\u00e9mica carrera de Trabajo Social<\/td><td>Lury Reyes P\u00e9rez<\/td><\/tr><tr><td>Acad\u00e9mico carrera de Trabajo Social<\/td><td>Javier Le\u00f3n Aravena<\/td><\/tr><tr><td>Acad\u00e9mico carrera de Trabajo Social<\/td><td>Cristian Orellana Fonseca<\/td><\/tr><\/tbody><\/table><\/figure>\n\n\n\n<p>En el a\u00f1o 2020, se realizaron dos reuniones de Consejo Asesor, de tipo intersede. El detalle de las reuniones fue:<\/p>\n\n\n\n<p><strong>Reuniones Consejo Asesor Externo, sede Chill\u00e1n y Concepci\u00f3n, 2020.<\/strong><\/p>\n\n\n\n<div class=\"wp-block-group\"><div class=\"wp-block-group__inner-container\">\n<figure class=\"wp-block-table is-style-stripes\"><table class=\"has-fixed-layout\"><thead><tr><th><\/th><th><\/th><th><\/th><\/tr><\/thead><tbody><tr><td><strong>Fecha<\/strong><\/td><td><strong>Objetivo<\/strong><strong><\/strong><\/td><td><strong>Participantes<\/strong><strong><\/strong><\/td><\/tr><tr><td>2 octubre de 2020<\/td><td>Ofrecer un encuadre institucional a la Acreditaci\u00f3n nacional e internacional y esclarecer los objetivos del Comit\u00e9 Asesor<\/td><td>Patricia Letelier Sanz, Jefa de la Unidad de Aseguramiento de la Calidad, UBB.Directora&nbsp;&nbsp;de EscuelaJefe de CarreraComit\u00e9 de acreditaci\u00f3nComit\u00e9 asesor Chill\u00e1nComit\u00e9 Asesor Concepci\u00f3n&nbsp;<\/td><\/tr><tr><td>26 noviembre 2020<\/td><td>Analizar la visi\u00f3n, misi\u00f3n, perfil de egreso y Plan de Estudios de la Escuela de Trabajo Social.&nbsp;Identificar las fortalezas y debilidades de la visi\u00f3n, misi\u00f3n, perfil de egreso y Plan de Estudios de la Escuela de Trabajo Social.&nbsp;Realizar propuestas de ajuste o modificaci\u00f3n de la visi\u00f3n, misi\u00f3n, perfil de egreso y Plan de Estudios de la Escuela de Trabajo Social.&nbsp;<\/td><td>Directora&nbsp;&nbsp;de EscuelaJefe de CarreraComit\u00e9 de acreditaci\u00f3nComit\u00e9 asesor Chill\u00e1nComit\u00e9 Asesor Concepci\u00f3n&nbsp;<\/td><\/tr><\/tbody><\/table><\/figure>\n<\/div><\/div>\n\n\n\n<p class=\"has-normal-font-size\"><\/p>\n\n\n\n<figure class=\"wp-block-image size-large\"><img loading=\"lazy\" width=\"1024\" height=\"734\" src=\"http:\/\/trabajosocial.ubiobio.cl\/wp-content\/uploads\/2021\/09\/Comite-egresados-1024x734.jpg\" alt=\"\" class=\"wp-image-1237\" srcset=\"http:\/\/trabajosocial.ubiobio.cl\/wp-content\/uploads\/2021\/09\/Comite-egresados-1024x734.jpg 1024w, http:\/\/trabajosocial.ubiobio.cl\/wp-content\/uploads\/2021\/09\/Comite-egresados-300x215.jpg 300w, http:\/\/trabajosocial.ubiobio.cl\/wp-content\/uploads\/2021\/09\/Comite-egresados-768x550.jpg 768w, http:\/\/trabajosocial.ubiobio.cl\/wp-content\/uploads\/2021\/09\/Comite-egresados-720x516.jpg 720w, http:\/\/trabajosocial.ubiobio.cl\/wp-content\/uploads\/2021\/09\/Comite-egresados.jpg 1255w\" sizes=\"(max-width: 1024px) 100vw, 1024px\" \/><\/figure>\n","protected":false},"excerpt":{"rendered":"<p>La carrera tiene un Consejo Asesor Externo en la sede Chill\u00e1n y otro en la sede Concepci\u00f3n. El objetivo del Consejo Asesor es mantener, desarrollar y fortalecer el v\u00ednculo permanente del mundo acad\u00e9mico con el laboral, colaborando con el desarrollo de la carrera en aspectos curriculares, en sus proyecciones estrat\u00e9gicas y en su relaci\u00f3n con [&hellip;]<\/p>\n","protected":false},"author":1,"featured_media":0,"parent":6,"menu_order":6,"comment_status":"closed","ping_status":"closed","template":"","meta":{"pgc_sgb_lightbox_settings":""},"_links":{"self":[{"href":"http:\/\/trabajosocial.ubiobio.cl\/index.php?rest_route=\/wp\/v2\/pages\/91"}],"collection":[{"href":"http:\/\/trabajosocial.ubiobio.cl\/index.php?rest_route=\/wp\/v2\/pages"}],"about":[{"href":"http:\/\/trabajosocial.ubiobio.cl\/index.php?rest_route=\/wp\/v2\/types\/page"}],"author":[{"embeddable":true,"href":"http:\/\/trabajosocial.ubiobio.cl\/index.php?rest_route=\/wp\/v2\/users\/1"}],"replies":[{"embeddable":true,"href":"http:\/\/trabajosocial.ubiobio.cl\/index.php?rest_route=%2Fwp%2Fv2%2Fcomments&post=91"}],"version-history":[{"count":12,"href":"http:\/\/trabajosocial.ubiobio.cl\/index.php?rest_route=\/wp\/v2\/pages\/91\/revisions"}],"predecessor-version":[{"id":1240,"href":"http:\/\/trabajosocial.ubiobio.cl\/index.php?rest_route=\/wp\/v2\/pages\/91\/revisions\/1240"}],"up":[{"embeddable":true,"href":"http:\/\/trabajosocial.ubiobio.cl\/index.php?rest_route=\/wp\/v2\/pages\/6"}],"wp:attachment":[{"href":"http:\/\/trabajosocial.ubiobio.cl\/index.php?rest_route=%2Fwp%2Fv2%2Fmedia&parent=91"}],"curies":[{"name":"wp","href":"https:\/\/api.w.org\/{rel}","templated":true}]}}

<p>La carrera tiene un Consejo Asesor Externo en la sede Chillán y otro en la sede Concepción. El objetivo del Consejo Asesor es mantener, desarrollar y fortalecer el vínculo permanente del mundo académico con el laboral, colaborando con el desarrollo de la carrera en aspectos curriculares, en sus proyecciones estratégicas y en su relación con el medio laboral y entorno en general.</p>



<p>Las funciones específicas del Consejo Asesor se centran en apoyar:</p>



<ul><li><span class="has-inline-color has-black-color">La definición, revisión, ajuste y/o modificación de aspectos o temas curriculares de la Carrera (perfil de egreso, Plan de Estudios, malla curricular, programas de asignaturas, entre otros), considerando las características y requerimientos del medio laboral, los avances de la disciplina, los lineamientos y orientaciones de la Unidad Académica de la que depende la Carrera, y de la institución.</span></li><li><span class="has-inline-color has-black-color">La definición de orientaciones de desarrollo de la Carrera y de las Unidades Académicas involucradas, relacionadas con la Misión, Visión y Objetivos que guiarán su accionar.</span></li><li><span class="has-inline-color has-black-color">La definición de temas y/o áreas de interés para el desarrollo de proyectos de estudiantes, especialmente en el ámbito del proceso de titulación.</span></li><li><span class="has-inline-color has-black-color">La definición, creación y desarrollo de redes de colaboración que faciliten o promuevan la instauración de fuentes de prácticas y de trabajo para estudiantes, egresados y titulados, según corresponda.</span></li><li><span class="has-inline-color has-black-color">La definición de actividades que colaboren en la vinculación de la Carrera y de las Unidades Académicas involucradas con el medio laboral y el entorno en general, bajo una perspectiva de mutuo interés y beneficios (por ejemplo, desarrollo de Asistencia Técnica, Investigación aplicada, etc).</span></li></ul>



<p>El Consejo Asesor se reune, al menos, una vez al año y/o cada vez que se requiera, para tratar los temas asociados al cumplimiento de sus funciones.</p>



<p><strong>Integrantes Consejo Asesor Externo, sede Chillán</strong></p>



<div class="wp-block-group"><div class="wp-block-group__inner-container">
<div class="wp-block-columns">
<div class="wp-block-column" style="flex-basis:100%">
<figure class="wp-block-table is-style-stripes"><table class="has-fixed-layout"><thead><tr><th></th><th></th></tr></thead><tbody><tr><td><strong>Representación</strong></td><td><strong>Nombre</strong><strong></strong></td></tr><tr><td>Empleadora, Instituto de Previsión Social Ñuble</td><td>Yoselyn Soto Vásquez</td></tr><tr><td>Empleadora, Servicio de Salud Ñuble</td><td>Laura Bahamondez Sáez</td></tr><tr><td>Egresada</td><td>Francisca Nuñez Merino</td></tr><tr><td>Egresado</td><td>Geraldo Padilla Fuentes</td></tr><tr><td>Egresada</td><td>María Paz Aburto Navarrete</td></tr><tr><td>Académico Universidad de Valparaíso</td><td>Claudio Montero Urrutia</td></tr><tr><td>Académico Universidad Católica de Temuco</td><td>Luis Vivero Arriagada</td></tr></tbody></table></figure>
</div>
</div>
</div></div>



<p><strong>Integrantes Consejo Asesor Externo, sede Concepción</strong></p>



<figure class="wp-block-table is-style-stripes"><table class="has-fixed-layout"><thead><tr><th></th><th></th></tr></thead><tbody><tr><td><strong>Representación</strong></td><td><strong>Nombre</strong><strong></strong></td></tr><tr><td>Empleador, OPD de la comuna de Paillaco</td><td>Luis Pinto Álvarez</td></tr><tr><td>Empleadora, Depto de Administración de Salud Municipal, Talcahuano</td><td>Loreto Cerda San Martíb</td></tr><tr><td>Egresada</td><td>Diana Vera Castillo</td></tr><tr><td>Egresado</td><td>Mayed Metuaze Zeidán</td></tr><tr><td>Egresada</td><td>Mariana Rojas Oliva</td></tr><tr><td>Académica carrera de Trabajo Social</td><td>Lury Reyes Pérez</td></tr><tr><td>Académico carrera de Trabajo Social</td><td>Javier León Aravena</td></tr><tr><td>Académico carrera de Trabajo Social</td><td>Cristian Orellana Fonseca</td></tr></tbody></table></figure>



<p>En el año 2020, se realizaron dos reuniones de Consejo Asesor, de tipo intersede. El detalle de las reuniones fue:</p>



<p><strong>Reuniones Consejo Asesor Externo, sede Chillán y Concepción, 2020.</strong></p>



<div class="wp-block-group"><div class="wp-block-group__inner-container">
<figure class="wp-block-table is-style-stripes"><table class="has-fixed-layout"><thead><tr><th></th><th></th><th></th></tr></thead><tbody><tr><td><strong>Fecha</strong></td><td><strong>Objetivo</strong><strong></strong></td><td><strong>Participantes</strong><strong></strong></td></tr><tr><td>2 octubre de 2020</td><td>Ofrecer un encuadre institucional a la Acreditación nacional e internacional y esclarecer los objetivos del Comité Asesor</td><td>Patricia Letelier Sanz, Jefa de la Unidad de Aseguramiento de la Calidad, UBB.Directora&nbsp;&nbsp;de EscuelaJefe de CarreraComité de acreditaciónComité asesor ChillánComité Asesor Concepción&nbsp;</td></tr><tr><td>26 noviembre 2020</td><td>Analizar la visión, misión, perfil de egreso y Plan de Estudios de la Escuela de Trabajo Social.&nbsp;Identificar las fortalezas y debilidades de la visión, misión, perfil de egreso y Plan de Estudios de la Escuela de Trabajo Social.&nbsp;Realizar propuestas de ajuste o modificación de la visión, misión, perfil de egreso y Plan de Estudios de la Escuela de Trabajo Social.&nbsp;</td><td>Directora&nbsp;&nbsp;de EscuelaJefe de CarreraComité de acreditaciónComité asesor ChillánComité Asesor Concepción&nbsp;</td></tr></tbody></table></figure>
</div></div>



<p class="has-normal-font-size"></p>



<figure class="wp-block-image size-large"><img loading="lazy" width="1024" height="734" src="http://trabajosocial.ubiobio.cl/wp-content/uploads/2021/09/Comite-egresados-1024x734.jpg" alt="" class="wp-image-1237" srcset="http://trabajosocial.ubiobio.cl/wp-content/uploads/2021/09/Comite-egresados-1024x734.jpg 1024w, http://trabajosocial.ubiobio.cl/wp-content/uploads/2021/09/Comite-egresados-300x215.jpg 300w, http://trabajosocial.ubiobio.cl/wp-content/uploads/2021/09/Comite-egresados-768x550.jpg 768w, http://trabajosocial.ubiobio.cl/wp-content/uploads/2021/09/Comite-egresados-720x516.jpg 720w, http://trabajosocial.ubiobio.cl/wp-content/uploads/2021/09/Comite-egresados.jpg 1255w" sizes="(max-width: 1024px) 100vw, 1024px" /></figure>

<p>La carrera tiene un Consejo Asesor Externo en la sede Chillán y otro en la sede Concepción. El objetivo del Consejo Asesor es mantener, desarrollar y fortalecer el vínculo permanente del mundo académico con el laboral, colaborando con el desarrollo de la carrera en aspectos curriculares, en sus proyecciones estratégicas y en su relación con [&hellip;]</p>
