{"id":581,"date":"2021-05-31T21:13:19","date_gmt":"2021-05-31T21:13:19","guid":{"rendered":"http:\/\/trabajosocial.ubiobio.cl\/?page_id=581"},"modified":"2021-06-04T13:13:04","modified_gmt":"2021-06-04T13:13:04","slug":"mg-hector-vargas","status":"publish","type":"page","link":"http:\/\/trabajosocial.ubiobio.cl\/?page_id=581","title":{"rendered":"Mg. H\u00e9ctor Vargas"},"content":{"rendered":"\n<p>Escuela de Trabajo Social, Sede Chill\u00e1n \/ Correo: hvargas@ubiobio.cl<\/p>\n\n\n\n<figure class=\"wp-block-image size-large\"><img loading=\"lazy\" width=\"512\" height=\"384\" src=\"http:\/\/trabajosocial.ubiobio.cl\/wp-content\/uploads\/2021\/05\/hvargas.jpg\" alt=\"\" class=\"wp-image-583\" srcset=\"http:\/\/trabajosocial.ubiobio.cl\/wp-content\/uploads\/2021\/05\/hvargas.jpg 512w, http:\/\/trabajosocial.ubiobio.cl\/wp-content\/uploads\/2021\/05\/hvargas-300x225.jpg 300w\" sizes=\"(max-width: 512px) 100vw, 512px\" \/><\/figure>\n\n\n\n<h2>Formaci\u00f3n<\/h2>\n\n\n\n<ul><li>Asistente Social, Universidad de la Frontera, Chile. <\/li><li>Mag\u00edster en Gerencia y Pol\u00edticas P\u00fablicas, Universidad Adolfo Iba\u00f1ez, Chile. <\/li><\/ul>\n\n\n\n<h2>Docencia<\/h2>\n\n\n\n<p><strong>\u00daltimas Asignaturas de pregrado dictadas (2020 &#8211; 2021)<\/strong><\/p>\n\n\n\n<ul><li>Pr\u00e1ctica profesional I, II, III, IV. <\/li><li>Actividad de titulaci\u00f3n I y II. <\/li><li>Pol\u00edtica p\u00fablica. <\/li><li>Pol\u00edtica Social. <\/li><li>Seminario de investigaci\u00f3n I y II. <\/li><li>Econom\u00eda y trabajo social. <\/li><li>Planificaci\u00f3n y proyectos sociales. <\/li><\/ul>\n\n\n\n<h2>Investigaci\u00f3n<\/h2>\n\n\n\n<p><strong>Extracto<\/strong> <strong>de<\/strong> <strong>Proyectos de Investigaci\u00f3n Externos<\/strong><\/p>\n\n\n\n<ul><li>No existe registro. <\/li><\/ul>\n\n\n\n<p><strong>Extracto de<\/strong> <strong>Proyectos de Investigaci\u00f3n Internos<\/strong><\/p>\n\n\n\n<ul><li>Creencias epistemol\u00f3gicas en estudiantes de Trabajo Social, sede Chill\u00e1n. <\/li><li>Influencia de la calidad de vida familiar y los estilos parentales en las conductas que caracterizan el clima social escolar de establecimientos de educaci\u00f3n municipal en la comuna de Chill\u00e1n. <\/li><li>Mujeres abusadas sexualmente en la ni\u00f1ez &#8211; la construcci\u00f3n de la relaci\u00f3n con sus hijos en la vida adulta. <\/li><li>La segmentaci\u00f3n social de los medios tecnol\u00f3gicos: factores que inciden en su configuraci\u00f3n y sus implicancias en la eficiencia interna y externa de la escuela. <\/li><\/ul>\n\n\n\n<p><strong>Algunos<\/strong> <strong>Art\u00edculos Cient\u00edficos<\/strong><\/p>\n\n\n\n<ul><li>No existen registros.<\/li><\/ul>\n\n\n\n<h2>Vinculaci\u00f3n con el medio<\/h2>\n\n\n\n<ul><li>No existen registros. <\/li><\/ul>\n","protected":false},"excerpt":{"rendered":"<p>Escuela de Trabajo Social, Sede Chill\u00e1n \/ Correo: hvargas@ubiobio.cl Formaci\u00f3n Asistente Social, Universidad de la Frontera, Chile. Mag\u00edster en Gerencia y Pol\u00edticas P\u00fablicas, Universidad Adolfo Iba\u00f1ez, Chile. Docencia \u00daltimas Asignaturas de pregrado dictadas (2020 &#8211; 2021) Pr\u00e1ctica profesional I, II, III, IV. Actividad de titulaci\u00f3n I y II. Pol\u00edtica p\u00fablica. Pol\u00edtica Social. Seminario de investigaci\u00f3n [&hellip;]<\/p>\n","protected":false},"author":6,"featured_media":0,"parent":67,"menu_order":0,"comment_status":"closed","ping_status":"closed","template":"","meta":{"pgc_sgb_lightbox_settings":""},"_links":{"self":[{"href":"http:\/\/trabajosocial.ubiobio.cl\/index.php?rest_route=\/wp\/v2\/pages\/581"}],"collection":[{"href":"http:\/\/trabajosocial.ubiobio.cl\/index.php?rest_route=\/wp\/v2\/pages"}],"about":[{"href":"http:\/\/trabajosocial.ubiobio.cl\/index.php?rest_route=\/wp\/v2\/types\/page"}],"author":[{"embeddable":true,"href":"http:\/\/trabajosocial.ubiobio.cl\/index.php?rest_route=\/wp\/v2\/users\/6"}],"replies":[{"embeddable":true,"href":"http:\/\/trabajosocial.ubiobio.cl\/index.php?rest_route=%2Fwp%2Fv2%2Fcomments&post=581"}],"version-history":[{"count":2,"href":"http:\/\/trabajosocial.ubiobio.cl\/index.php?rest_route=\/wp\/v2\/pages\/581\/revisions"}],"predecessor-version":[{"id":635,"href":"http:\/\/trabajosocial.ubiobio.cl\/index.php?rest_route=\/wp\/v2\/pages\/581\/revisions\/635"}],"up":[{"embeddable":true,"href":"http:\/\/trabajosocial.ubiobio.cl\/index.php?rest_route=\/wp\/v2\/pages\/67"}],"wp:attachment":[{"href":"http:\/\/trabajosocial.ubiobio.cl\/index.php?rest_route=%2Fwp%2Fv2%2Fmedia&parent=581"}],"curies":[{"name":"wp","href":"https:\/\/api.w.org\/{rel}","templated":true}]}}