{"id":456,"date":"2021-04-26T03:44:54","date_gmt":"2021-04-26T03:44:54","guid":{"rendered":"http:\/\/trabajosocial.ubiobio.cl\/?page_id=456"},"modified":"2021-07-13T20:53:31","modified_gmt":"2021-07-14T00:53:31","slug":"bruno-bivort","status":"publish","type":"page","link":"http:\/\/trabajosocial.ubiobio.cl\/?page_id=456","title":{"rendered":"Mg. Bruno Bivort"},"content":{"rendered":"\n<p class=\"has-text-align-center\">Escuela de Trabajo Social, Sede Concepci\u00f3n \/ email: bbivort@ubiobio.cl<\/p>\n\n\n\n<div class=\"wp-block-image is-style-default\"><figure class=\"aligncenter size-large is-resized\"><img loading=\"lazy\" src=\"http:\/\/trabajosocial.ubiobio.cl\/wp-content\/uploads\/2021\/05\/Bruno-Bivort-1024x682.jpg\" alt=\"\" class=\"wp-image-491\" width=\"421\" height=\"280\" srcset=\"http:\/\/trabajosocial.ubiobio.cl\/wp-content\/uploads\/2021\/05\/Bruno-Bivort-1024x682.jpg 1024w, http:\/\/trabajosocial.ubiobio.cl\/wp-content\/uploads\/2021\/05\/Bruno-Bivort-300x200.jpg 300w, http:\/\/trabajosocial.ubiobio.cl\/wp-content\/uploads\/2021\/05\/Bruno-Bivort-768x512.jpg 768w, http:\/\/trabajosocial.ubiobio.cl\/wp-content\/uploads\/2021\/05\/Bruno-Bivort.jpg 1280w\" sizes=\"(max-width: 421px) 100vw, 421px\" \/><\/figure><\/div>\n\n\n\n<h2><strong>Formaci\u00f3n<\/strong><\/h2>\n\n\n\n<ul><li>Asistente social de la Universidad de la Frontera<\/li><li>Magister en Investigaci\u00f3n Social y Desarrollo de la Universidad de Concepci\u00f3n<\/li><\/ul>\n\n\n\n<h2>Docencia<\/h2>\n\n\n\n<h5><strong>Asignaturas de pregrado:<\/strong><\/h5>\n\n\n\n<ul><li>Metodolog\u00edas de investigaci\u00f3n<\/li><\/ul>\n\n\n\n<h2>Investigaci\u00f3n<\/h2>\n\n\n\n<h5><strong>Proyectos de Investigaci\u00f3n:<\/strong><\/h5>\n\n\n\n<ul><li>Fortalecimiento institucional de la Universidad del B\u00edo-B\u00edo y creaci\u00f3n de un Centro de Investigaci\u00f3n para el Desarrollo Local. <strong>Fuente de financiamiento<\/strong>: Agencia Espa\u00f1ola de Cooperaci\u00f3n Internacional y Desarrollo <strong>Rol en el Proyecto<\/strong>: Coinvestigador(a) <strong>A\u00f1os<\/strong>: 2012 &#8211; 2013<\/li><\/ul>\n\n\n\n<ul><li>Representaciones sociales del g\u00e9nero en j\u00f3venes urbanos\/as y rurales. <strong>Fuente de financiamiento<\/strong>: Universidad del B\u00edo-B\u00edo <strong>Rol en el Proyecto<\/strong>: Coinvestigador(a) <strong>A\u00f1os: <\/strong>2014 &#8211; 2015<\/li><\/ul>\n\n\n\n<ul><li>Grupo de Investigaci\u00f3n: G\u00e9nero, Ciudadan\u00eda y Equidad <strong>Fuente de financiamiento<\/strong>: Universidad del B\u00edo-B\u00edo <strong>Rol en el Proyecto<\/strong>: Coinvestigador(a) <strong>A\u00f1os: <\/strong>2013 &#8211; 2022<\/li><\/ul>\n\n\n\n<ul><li>Discursos y pr\u00e1cticas de ciudadan\u00eda en j\u00f3venes. <strong>Fuente de financiamiento<\/strong>: Universidad del B\u00edo-B\u00edo <strong>Rol en el Proyecto<\/strong>: Coinvestigador(a) <strong>A\u00f1os: <\/strong>2013 &#8211; 2014<\/li><\/ul>\n\n\n\n<ul><li>Representaciones sociales de ciudadan\u00eda desde una perspectiva de g\u00e9nero en estudiantes universitarios\/as de la regi\u00f3n del B\u00edo-B\u00edo. <strong>Fuente de financiamiento<\/strong>: Universidad del B\u00edo-B\u00edo <strong>Rol en el Proyecto<\/strong>: Inv. Principal <strong>A\u00f1os<\/strong>: 2015 &#8211; 2016<\/li><\/ul>\n\n\n\n<ul><li>Significados sobre democracia, ciudadan\u00eda y participaci\u00f3n pol\u00edtica en j\u00f3venes de la Regi\u00f3n de \u00d1uble <strong>Fuente de financiamiento<\/strong>: Vicerrector\u00eda de Investigaci\u00f3n y Postgrado &#8211; Universidad del B\u00edo-B\u00edo <strong>Rol en el Proyecto<\/strong>: Director(a) <strong>A\u00f1os<\/strong>: 2018 &#8211; 2019<\/li><\/ul>\n\n\n\n<ul><li>Programa: Estudios locales y regionales en la conformaci\u00f3n hist\u00f3rica de sujetos sociales y actores pol\u00edticos en Am\u00e9rica Latina <strong>Fuente de financiamiento<\/strong>: Universidad Nacional de C\u00f3rdoba <strong>Rol en el Proyecto<\/strong>: Investigador(a) <strong>A\u00f1os<\/strong>: 2019 &#8211; 2022<\/li><\/ul>\n\n\n\n<ul><li>Centro de Estudio \u00d1uble-UBB <strong>Fuente de financiamiento<\/strong>: Vicerrector\u00eda de Investigaci\u00f3n y Postgrado &#8211; Universidad del B\u00edo-B\u00edo <strong>Rol en el Proyecto<\/strong>: Inv. Principal <strong>A\u00f1o de Inicio<\/strong>: 2021 &#8211; Actualidad<\/li><\/ul>\n\n\n\n<h5><strong>Art\u00edculos Cient\u00edficos:<\/strong><\/h5>\n\n\n\n<ul><li><strong>Autor(es)<\/strong>: Bivort, Bruno. Mart\u00ednez, Soledad. Orellana, Cristian. Far\u00edas, Fernando. <strong>Autor(es) Correspondiente(s)<\/strong>: Bivort, Bruno. <strong>T\u00edtulo<\/strong>: Mujeres j\u00f3venes y ciudadan\u00eda en Chile: Una mirada a las nuevas configuraciones pol\u00edticas <strong>Revista<\/strong>: Sociologia e Pol\u00edtica <strong>ISSN<\/strong>: 1678-9873 <strong>A\u00f1o<\/strong>: 2016 <strong>Estado de publicaci\u00f3n<\/strong>: Publicada <strong>P\u00e1ginas<\/strong>: 25 &#8211; 37 <strong>Indizaci\u00f3n<\/strong>: Scopus <strong>DOI\/URL<\/strong>:&nbsp;<a rel=\"noreferrer noopener\" href=\"http:\/\/dx.doi.org\/10.1590\/1678-987316245902\" target=\"_blank\">http:\/\/dx.doi.org\/10.1590\/1678-987316245902<\/a><\/li><\/ul>\n\n\n\n<ul><li><strong>Autor(es)<\/strong>: Bivort B.;Mart\u00ednez-Labr\u00edn S.;Orellana C.;Far\u00edas F. <strong>T\u00edtulo<\/strong>: Young women and citizenship in Chile: A look onto new political configurations [Mujeres j\u00f3venes y ciudadan\u00eda en Chile: Una mirada a las nuevas configuraciones pol\u00edticas] <strong>Revista<\/strong>: Revista de Sociologia e Pol\u00edtica <strong>ISSN<\/strong>: 0104-4478 <strong>A\u00f1o<\/strong>: 2016 <strong>Estado de publicaci\u00f3n<\/strong>: Publicada <strong>P\u00e1ginas<\/strong>: 25 &#8211; 37 <strong>Indizaci\u00f3n<\/strong>: Scopus <strong>DOI\/URL<\/strong>:&nbsp;<a rel=\"noreferrer noopener\" href=\"http:\/\/dx.doi.org\/10.1590\/1678-987316245902\" target=\"_blank\">http:\/\/dx.doi.org\/10.1590\/1678-987316245902<\/a><\/li><\/ul>\n\n\n\n<ul><li><strong>Autor(es)<\/strong>: Orellana, Cristian. Bivort, Bruno. Mart\u00ednez, Soledad. Farias, Fernando. Carcamo, Hector. Blanco, Enrique. Perez, Gabriel. <strong>T\u00edtulo<\/strong>: Formaci\u00f3n ciudadana y participaci\u00f3n pol\u00edtica en j\u00f3venes de la Universidad del B\u00edo-B\u00edo, Chile. <strong>Revista<\/strong>: Civilizar Ciencias Sociales y Humanas <strong>ISSN<\/strong>: <strong>A\u00f1o<\/strong>: 2015 <strong>Estado de publicaci\u00f3n<\/strong>: En Prensa <strong>Indizaci\u00f3n<\/strong>: SciELO<\/li><\/ul>\n\n\n\n<ul><li><strong>Autor(es)<\/strong>: Orais\u00f3n, Mercedes; S\u00e1nchez Le\u00f3n, Mar\u00eda Cristina; Bivort, Bruno <strong>T\u00edtulo<\/strong>: Juventudes y Pol\u00edtica: Una Introducci\u00f3n <strong>Revista<\/strong>: De Pr\u00e1cticas y discursos <strong>ISSN<\/strong>: 2250-6942 <strong>A\u00f1o<\/strong>: 2015 <strong>Estado de publicaci\u00f3n<\/strong>: Publicada <strong>P\u00e1ginas<\/strong>: 1 &#8211; 5 <strong>Indizaci\u00f3n<\/strong>: No tiene <strong>DOI\/URL<\/strong>:&nbsp;<a rel=\"noreferrer noopener\" href=\"http:\/\/ppct.caicyt.gov.ar\/index.php\/depracticasydiscursos\/article\/view\/7233\/6549\" target=\"_blank\">http:\/\/ppct.caicyt.gov.ar\/index.php\/depracticasydiscursos\/article\/view\/7233\/6549<\/a><\/li><\/ul>\n\n\n\n<ul><li><strong>Autor(es)<\/strong>: Orellana, Cristian. Bivort, Bruno.&nbsp;Far\u00edas, Fernando. Mart\u00ednez, Soledad. <strong>T\u00edtulo<\/strong>: J\u00f3venes y participaci\u00f3n pol\u00edtica \u00bfNo afecci\u00f3n partidista o nuevas ciudadan\u00edas? <strong>Revista<\/strong>: TS Cuadernos de Trabajo Social <strong>A\u00f1o<\/strong>: 2014 <strong>Estado de publicaci\u00f3n<\/strong>: Publicada <strong>P\u00e1ginas<\/strong>: 41- 52 <strong>Indizaci\u00f3n<\/strong>: Latindex<\/li><\/ul>\n\n\n\n<ul><li><strong>Autor(es)<\/strong>: Soledad Mart;Bruno Bivort Urrutia <strong>T\u00edtulo<\/strong>: Procesos de producci\u00f3n de subjetividad de g\u00e9nero en el trabajo acad\u00e9mico: Tiempos y espacios desde cuerpos femeninos <strong>Revista<\/strong>: Psicoperspectivas: Individuo y Sociedad <strong>ISSN<\/strong>: 0718-6924 <strong>A\u00f1o<\/strong>: 2014 <strong>Estado de publicaci\u00f3n<\/strong>: Publicada <strong>P\u00e1ginas<\/strong>: 15 &#8211; 22 <strong>Indizaci\u00f3n<\/strong>: SciELO <strong>DOI\/URL<\/strong>:&nbsp;<a rel=\"noreferrer noopener\" href=\"http:\/\/dx.doi.org\/10.5027\/psicoperspectivas-Vol13-Issue1-fulltext-334%C3%82\" target=\"_blank\">http:\/\/dx.doi.org\/10.5027\/psicoperspectivas-Vol13-Issue1-fulltext-334\u00c2<\/a><\/li><\/ul>\n\n\n\n<ul><li><strong>Autor(es)<\/strong>: Mart\u00ednez, Soledad; Bivort, Bruno; Orellana, Cristian; V\u00e1squez, Claudia; Opazo D\u00e1maris &amp; Paredes, Juan. <strong>T\u00edtulo<\/strong>: Reporte de evento: III Encuentro de Investigaci\u00f3n Cualitativa. <strong>Revista<\/strong>: FQS: Forum Of Qualitative Research <strong>A\u00f1o<\/strong>: 2014 <strong>Estado de publicaci\u00f3n<\/strong>: Publicada <strong>P\u00e1ginas<\/strong>: 1 &#8211; 12 <strong>Indizaci\u00f3n<\/strong>: Scopus <strong>DOI\/URL<\/strong>:&nbsp;<a rel=\"noreferrer noopener\" href=\"http:\/\/www.qualitative-research.net\/index.php\/fqs\/article\/view\/2073\/3600\" target=\"_blank\">http:\/\/www.qualitative-research.net\/index.php\/fqs\/article\/view\/2073\/3600<\/a><\/li><\/ul>\n\n\n\n<ul><li><strong>Autor(es)<\/strong>: Mart\u00ednez, Soledad y Bivort, Bruno <strong>T\u00edtulo<\/strong>: Los estereotipos en la comprensi\u00f3n de las desigualdades de g\u00e9nero en educaci\u00f3n, desde la psicolog\u00eda feminista. <strong>Revista<\/strong>: Psicolog\u00eda &amp; Sociedade <strong>A\u00f1o<\/strong>: 2013 <strong>Estado de publicaci\u00f3n<\/strong>: Publicada <strong>P\u00e1ginas<\/strong>: 549 &#8211; 558 <strong>Indizaci\u00f3n<\/strong>: Scopus <strong>DOI\/URL<\/strong>: <a rel=\"noreferrer noopener\" href=\"http:\/\/www.scielo.br\/scielo.php?pid=S0102-71822013000300009&amp;script=sci_arttext\" target=\"_blank\">http:\/\/www.scielo.br\/scielo.php?pid=S0102-71822013000300009&amp;script=sci_arttext<\/a><\/li><\/ul>\n\n\n\n<ul><li><strong>Autor(es)<\/strong>: Bivort, Bruno y Mart\u00ednez, Soledad <strong>T\u00edtulo<\/strong>: Policies to erradicate extreme poverty in Chile: a critical analysis of the Puente Program <strong>Revista<\/strong>: Journal of Health Management <strong>A\u00f1o<\/strong>: 2009 <strong>Estado de publicaci\u00f3n<\/strong>: Publicada <strong>P\u00e1ginas<\/strong>: 143 &#8211; 155 <strong>Indizaci\u00f3n<\/strong>: Scopus <strong>DOI\/URL<\/strong>:&nbsp;<a rel=\"noreferrer noopener\" href=\"http:\/\/jhm.sagepub.com\/content\/11\/1\/143.abstract\" target=\"_blank\">http:\/\/jhm.sagepub.com\/content\/11\/1\/143.abstract<\/a><\/li><\/ul>\n\n\n\n<h5>Libros y cap\u00edtulos de libro<\/h5>\n\n\n\n<ul><li><strong>Autor(es)<\/strong>: Mart\u00ednez-Labr\u00edn, Soledad; Bivort, Bruno; Sandoval, Jos\u00e9. <strong>T\u00edtulo del cap\u00edtulo<\/strong>: Representaciones sociales de g\u00e9nero de estudiantes de diversos niveles educacionales. Tareas pendientes para una educaci\u00f3n ciudadana integral <strong>T\u00edtulo del libro<\/strong>: Ciudadan\u00eda y democracias escolar <strong>Estado del cap\u00edtulo<\/strong>: En Prensa <strong>Editorial del libro<\/strong>: RIL <strong>Editor(es) del libro<\/strong>: Orellana, Cristian; Salazar, Rodrigo&nbsp;<strong>Pa\u00eds, ciudad de Publicaci\u00f3n del libro<\/strong>: CHILE, Santiago&nbsp;<strong>A\u00f1o de publicaci\u00f3n del libro<\/strong>: 2021<\/li><\/ul>\n\n\n\n<ul><li><strong>Autor(es)<\/strong>: Mart\u00ednez-Labr\u00edn, Soledad; Bivort, Bruno. <strong>T\u00edtulo del cap\u00edtulo<\/strong>: Participaci\u00f3n ciudadana: mujeres como sujetas pol\u00edticas en la academia. <strong>T\u00edtulo del libro<\/strong>: Formaci\u00f3n ciudadana en el contexto escolar <strong>Estado del cap\u00edtulo<\/strong>: Publicada <strong>Editorial del libro<\/strong>: RIL <strong>Editor(es) del libro<\/strong>: Orellana, Cristian; Salazar, Rodrigo y Hasse, Vivianne. <strong>Pa\u00eds, ciudad de Publicaci\u00f3n del libro<\/strong>: CHILE, Santiago <strong>A\u00f1o de publicaci\u00f3n del libro<\/strong>: 2020 <strong>P\u00e1ginas<\/strong>: 105 &#8211; 125<\/li><\/ul>\n\n\n\n<ul><li><strong>Autor(es)<\/strong>: Bivort, Bruno; Mart\u00ednez-Labr\u00edn, Soledad <strong>T\u00edtulo del cap\u00edtulo<\/strong>: Desaf\u00edos de la ciudadan\u00eda para una democracia incluyente&nbsp;<strong>T\u00edtulo del libro<\/strong>: Los y las j\u00f3venes y su participaci\u00f3n en el Chile de la transici\u00f3n&nbsp;<strong>Estado del cap\u00edtulo<\/strong>: Publicada <strong>Editorial del libro<\/strong>: RIL <strong>Editor(es) del libro<\/strong>: Orellana, Cristian; Salazar, Rodrigo; Hasse, Vivianne <strong>Pa\u00eds, ciudad de Publicaci\u00f3n del libro<\/strong>: CHILE, Santiago <strong>A\u00f1o de publicaci\u00f3n del libro<\/strong>: 2019 <strong>P\u00e1ginas<\/strong>: 47 &#8211; 67<\/li><\/ul>\n\n\n\n<ul><li><strong>Autor(es)<\/strong>: Bivort, Bruno y Mart\u00ednez, Soledad <strong>T\u00edtulo del cap\u00edtulo<\/strong>: Aproximaciones cualitativas al estudio del desarrollo rural <strong>T\u00edtulo del libro<\/strong>: Experiencias en Desarrollo Local y Rural Sostenible <strong>Estado del cap\u00edtulo<\/strong>: Publicada <strong>Editorial del libro<\/strong>: Universidad de Almer\u00eda <strong>Editor(es) del libro<\/strong>: Tol\u00f3n et al <strong>Pa\u00eds, ciudad de Publicaci\u00f3n del libro<\/strong>: ESPANA, Almer\u00eda <strong>A\u00f1o de publicaci\u00f3n del libro<\/strong>: 2013 <strong>P\u00e1ginas<\/strong>: 467 &#8211; 478<\/li><\/ul>\n\n\n\n<ul><li><strong>Autor(es)<\/strong>: Far\u00edas, Fernando; Orellana, Cristian; Avila, Andrea y Bivort, Bruno <strong>T\u00edtulo del cap\u00edtulo<\/strong>: Descriptive Study: perception of human rights in education in Gran Concepci\u00f3n <strong>T\u00edtulo del libro<\/strong>: Human Rights, Inclusion and Social Justice: international perspectives on challenges of social work in a globalised world <strong>Estado del cap\u00edtulo<\/strong>: Publicada <strong>Editorial del libro<\/strong>: Paulo Freire Verlag Oldenburg <strong>Editor(es) del libro<\/strong>: Gaby Franger, Rebekka Krauss y Claudia Lohrenscheit <strong>Pa\u00eds, ciudad de Publicaci\u00f3n del libro<\/strong>: ALEMANIA, Coburg <strong>A\u00f1o de publicaci\u00f3n del libro<\/strong>: 2013 <strong>P\u00e1ginas<\/strong>: 176 &#8211; 186<\/li><\/ul>\n\n\n\n<ul><li><strong>Autor(es)<\/strong>: Bivort, Bruno; Inostroza, Marcia y Morales, Jonatan. vinculaci\u00f3n de la universidad con comunidades rurales pobres. <strong>T\u00edtulo del cap\u00edtulo<\/strong>: Investigaci\u00f3n acci\u00f3n como estrategia de vinculaci\u00f3n de la universidad con comunidades rurales pobres. <strong>T\u00edtulo del libro<\/strong>: Innovaci\u00f3n docente en la ense\u00f1anza superior del desarrollo rural en Iberoam\u00e9rica <strong>Estado del cap\u00edtulo<\/strong>: Publicada <strong>Editorial del libro<\/strong>: Universidad de Almer\u00eda <strong>Editor(es) del libro<\/strong>: Tol\u00f3n et al <strong>Pa\u00eds, ciudad de Publicaci\u00f3n del libro<\/strong>: ESPA\u00d1A, Almer\u00eda <strong>A\u00f1o de publicaci\u00f3n del libro<\/strong>: 2012 <strong>P\u00e1ginas<\/strong>: 277 &#8211; 287<\/li><\/ul>\n\n\n\n<h2>Vinculaci\u00f3n con el medio<\/h2>\n\n\n\n<h5>Proyectos de extensi\u00f3n<\/h5>\n\n\n\n<ul><li>\u201cUBB Y EL TERRITORIO: FORTALECIENDO LA VINCULACI\u00d3N BIDIRECCIONAL CON EL MEDIO DESDE EL PATRIMONIO, GENERO, CIENCIA Y CIUDADAN\u00cdA EN EL CONTEXTO DE PANDEMIA Y POSTPANDEMIA\u201d. Director&nbsp;Alterno 2021.<\/li><\/ul>\n\n\n\n<ul><li>Museo de la Memoria y Derechos Humanos (museo itinerante). Alterno 21401000-025 Concepci\u00f3n y Chill\u00e1n 2013.<\/li><\/ul>\n\n\n\n<ul><li>Proyecto CONICYT del fondo de promoci\u00f3n de la mujer en ciencia y tecnolog\u00eda \u201cG\u00e9nero y academia, una reflexi\u00f3n pendiente\u201d Coorganizador EG03-038 Chill\u00e1n 2010.<\/li><\/ul>\n\n\n\n<h5>Otros antecedentes: <\/h5>\n\n\n\n<ul><li>Jerarquizado como profesor Asociado en la Universidad del B\u00edo-B\u00edo<\/li><\/ul>\n\n\n\n<ul><li>Ha realizado clases de postgrado en diversos programas de Mag\u00edster y Doctorado.<\/li><\/ul>\n\n\n\n<ul><li>Miembro de la Red de Investigadores en Trabajo Social de Chile<\/li><\/ul>\n\n\n\n<ul><li>Ha sido elegido en 2 ocasiones&nbsp;Director del Departamento de Ciencias Sociales de la Universidad del B\u00edo-B\u00edo<\/li><\/ul>\n\n\n\n<p><\/p>\n","protected":false},"excerpt":{"rendered":"<p>Escuela de Trabajo Social, Sede Concepci\u00f3n \/ email: bbivort@ubiobio.cl Formaci\u00f3n Asistente social de la Universidad de la Frontera Magister en Investigaci\u00f3n Social y Desarrollo de la Universidad de Concepci\u00f3n Docencia Asignaturas de pregrado: Metodolog\u00edas de investigaci\u00f3n Investigaci\u00f3n Proyectos de Investigaci\u00f3n: Fortalecimiento institucional de la Universidad del B\u00edo-B\u00edo y creaci\u00f3n de un Centro de Investigaci\u00f3n para [&hellip;]<\/p>\n","protected":false},"author":5,"featured_media":0,"parent":67,"menu_order":0,"comment_status":"closed","ping_status":"closed","template":"","meta":{"pgc_sgb_lightbox_settings":""},"_links":{"self":[{"href":"http:\/\/trabajosocial.ubiobio.cl\/index.php?rest_route=\/wp\/v2\/pages\/456"}],"collection":[{"href":"http:\/\/trabajosocial.ubiobio.cl\/index.php?rest_route=\/wp\/v2\/pages"}],"about":[{"href":"http:\/\/trabajosocial.ubiobio.cl\/index.php?rest_route=\/wp\/v2\/types\/page"}],"author":[{"embeddable":true,"href":"http:\/\/trabajosocial.ubiobio.cl\/index.php?rest_route=\/wp\/v2\/users\/5"}],"replies":[{"embeddable":true,"href":"http:\/\/trabajosocial.ubiobio.cl\/index.php?rest_route=%2Fwp%2Fv2%2Fcomments&post=456"}],"version-history":[{"count":6,"href":"http:\/\/trabajosocial.ubiobio.cl\/index.php?rest_route=\/wp\/v2\/pages\/456\/revisions"}],"predecessor-version":[{"id":943,"href":"http:\/\/trabajosocial.ubiobio.cl\/index.php?rest_route=\/wp\/v2\/pages\/456\/revisions\/943"}],"up":[{"embeddable":true,"href":"http:\/\/trabajosocial.ubiobio.cl\/index.php?rest_route=\/wp\/v2\/pages\/67"}],"wp:attachment":[{"href":"http:\/\/trabajosocial.ubiobio.cl\/index.php?rest_route=%2Fwp%2Fv2%2Fmedia&parent=456"}],"curies":[{"name":"wp","href":"https:\/\/api.w.org\/{rel}","templated":true}]}}