{"id":443,"date":"2021-04-26T03:21:02","date_gmt":"2021-04-26T03:21:02","guid":{"rendered":"http:\/\/trabajosocial.ubiobio.cl\/?page_id=443"},"modified":"2021-07-13T20:49:09","modified_gmt":"2021-07-14T00:49:09","slug":"eduardo-solis","status":"publish","type":"page","link":"http:\/\/trabajosocial.ubiobio.cl\/?page_id=443","title":{"rendered":"Mg. Eduardo Sol\u00eds"},"content":{"rendered":"\n<p class=\"has-text-align-center\">Escuela de Trabajo Social, Sede Concepci\u00f3n \/ email: esolis@ubiobio.cl<\/p>\n\n\n\n<div class=\"wp-block-image is-style-default\"><figure class=\"aligncenter size-large is-resized\"><img loading=\"lazy\" src=\"http:\/\/trabajosocial.ubiobio.cl\/wp-content\/uploads\/2021\/05\/IMG_4797-1-1024x693.jpg\" alt=\"\" class=\"wp-image-496\" width=\"537\" height=\"355\"\/><\/figure><\/div>\n\n\n\n<h2><strong>Formaci\u00f3n<\/strong><\/h2>\n\n\n\n<ul><li>Trabajador Social, titulado en la Universidad de Concepci\u00f3n.<\/li><li>Magister en Trabajo Social y Pol\u00edticas Sociales, Universidad de Concepci\u00f3n<\/li><li>Candidato a Doctor en Trabajo Social, Universidad Nacional de La Plata, Argentina<\/li><\/ul>\n\n\n\n<h2>Docencia<\/h2>\n\n\n\n<h4><strong>Asignaturas de pregrado:<\/strong><\/h4>\n\n\n\n<ul><li>Planificaci\u00f3n y proyectos sociales<\/li><li>Modelos de Gesti\u00f3n<\/li><li>Taller de Pr\u00e1ctica I: Desarrollo de habilidades personales y sociales<\/li><li>Taller de Pr\u00e1ctica II: Aproximaci\u00f3n al campo y ejercicio profesional<\/li><\/ul>\n\n\n\n<h2>Investigaci\u00f3n<\/h2>\n\n\n\n<h4><strong>Proyectos de Investigaci\u00f3n:<\/strong><\/h4>\n\n\n\n<h5><strong>Investigador principal:<\/strong><\/h5>\n\n\n\n<ul><li>Resistencias pol\u00edticas del movimiento estudiantil universitario entre 1983 y 1987, en el eje conurbano Concepci\u00f3n &#8211; Talcahuano. Universidad Nacional de La Plata \u2013 Universidad del Bio B\u00edo, a\u00f1os 2020 &#8211; 2021.<\/li><li>Memorias colectivas sobre pr\u00e1cticas represivas de la dictadura militar en Concepci\u00f3n. Universidad del B\u00edo-B\u00edo, a\u00f1os 2019 &#8211; 2020.<\/li><li>Construcci\u00f3n de memorias\u00a0 e identidades del Barrio Nongu\u00e9n de Concepci\u00f3n, en el contexto de consolidaci\u00f3n del modelo neoliberal en Chile. Universidad del B\u00edo-B\u00edo, a\u00f1os 2018 &#8211; 2019.<\/li><li>Distribuci\u00f3n de\u00a0 Capital Social en organizaciones sociales funcionales de la provincia de Concepci\u00f3n: an\u00e1lisis comparativo. Universidad del B\u00edo-B\u00edo, a\u00f1os 2010 &#8211; 2012.<\/li><li>Estudio y Caracterizaci\u00f3n de Feminicidios ocurridos en Chile durante per\u00edodo 2006 \u2013 2007. Universidad de Concepci\u00f3n, a\u00f1os 2008 &#8211; 2011.<\/li><li>Descripci\u00f3n de la relaci\u00f3n de v\u00edctimas de feminicidio en la octava regi\u00f3n, con su entorno socio-familiar e institucional. Universidad del B\u00edo-B\u00edo, a\u00f1os 2008 &#8211; 2009<\/li><\/ul>\n\n\n\n<h5>Investigador alterno:<\/h5>\n\n\n\n<ul><li>Intervenci\u00f3n Social en situaciones de exclusi\u00f3n: discursos y pr\u00e1cticas emergentes. Universidad del B\u00edo-B\u00edo.<\/li><li>Profesionales de las Ciencias Sociales en la provincia de concepci\u00f3n. Universidad del B\u00edo-B\u00edo.<\/li><\/ul>\n\n\n\n<h4><strong>Art\u00edculos Cient\u00edficos:<\/strong><\/h4>\n\n\n\n<ul><li>Ciudadan\u00eda, democracia, desarrollo y su relaci\u00f3n con los derechos humanos. Revista TS cuadernos de Trabajo Social, Co-autor. <a rel=\"noreferrer noopener\" href=\"http:\/\/www.tscuadernosdetrabajosocial.cl\/index.php\/TS\/article\/view\/18\/17\" data-type=\"URL\" data-id=\"http:\/\/www.tscuadernosdetrabajosocial.cl\/index.php\/TS\/article\/view\/18\/17\" target=\"_blank\">Ver PDF<\/a><\/li><li>Del crimen pasional al femicidio: el caso de Petronila Neira (**). Revista TS cuadernos de Trabajo Social, Autor.                <a href=\"http:\/\/www.tscuadernosdetrabajosocial.cl\/index.php\/TS\/article\/view\/124\/121\" data-type=\"URL\" data-id=\"http:\/\/www.tscuadernosdetrabajosocial.cl\/index.php\/TS\/article\/view\/124\/121\" target=\"_blank\" rel=\"noreferrer noopener\">Ver PDF <\/a><\/li><li>G\u00e9nero, Pobreza y su aplicabilidad en el Programa PUENTE. Revista del Colegio de Asistentes Sociales de Chile. Autor.<\/li><\/ul>\n\n\n\n<h4><strong>Libros y Cap\u00edtulos de Libro<\/strong><\/h4>\n\n\n\n<ul><li>Social Intervention based on the Recovery of Memory: Experiences of the social intervention and inclusi\u00f3n programme in&nbsp; Palomares and Nonguen, Concepci\u00f3n , Chile. Libro: \u201cHuman Rights, Inclusion and Social Justice: International Perspectives on Challenges of Social Work in a Globalised World\u201d Ed. Paulo Freire Verlag &#8211; Oldenburg. Co-autor.<\/li><li>Implementaci\u00f3n de los planes de formaci\u00f3n ciudadana en establecimientos educacionales de las provincias de Concepci\u00f3n y \u00d1uble, octava regi\u00f3n, Chile. Libro: Formaci\u00f3n Ciudadana en el contexto escolar. Conceptualizaci\u00f3n, avances y experiencias RIL Editores. Co-autor<\/li><\/ul>\n\n\n\n<h2>Vinculaci\u00f3n con el medio<\/h2>\n\n\n\n<h4>Proyectos de extensi\u00f3n:<\/h4>\n\n\n\n<ul><li>\u00abExclusi\u00f3n social e inserci\u00f3n socio-laboral de inmigrantes\u00bb Jefe de proyecto<\/li><li>\u00abPrimeras Jornadas&nbsp; sobre Derechos Humanos e Inclusi\u00f3n Social\u00bb Jefe de proyecto<\/li><li>Programa de Extensi\u00f3n Relevante \u201cMuseo de la Memoria y los Derechos Humanos\u201d Co-director<\/li><\/ul>\n\n\n\n<h4>Otros antecedentes:<\/h4>\n\n\n\n<ul><li>Director del \u201cDiplomado de Derechos Humanos y Funci\u00f3n P\u00fablica\u201d impartido por la Universidad del Bio B\u00edo en conjunto con el Instituto Nacional de Derechos Humanos<\/li><li>Miembro de la Mesa de Coordinaci\u00f3n de la \u201cRed Nacional de Educaci\u00f3n en Derechos Humanos\u201d (REEDH)<\/li><li>Miembro del Grupo de Investigaci\u00f3n inter-universidades \u201cMemorias Colectivas del Bio B\u00edo\u201d<\/li><\/ul>\n\n\n\n<p><\/p>\n","protected":false},"excerpt":{"rendered":"<p>Escuela de Trabajo Social, Sede Concepci\u00f3n \/ email: esolis@ubiobio.cl Formaci\u00f3n Trabajador Social, titulado en la Universidad de Concepci\u00f3n. Magister en Trabajo Social y Pol\u00edticas Sociales, Universidad de Concepci\u00f3n Candidato a Doctor en Trabajo Social, Universidad Nacional de La Plata, Argentina Docencia Asignaturas de pregrado: Planificaci\u00f3n y proyectos sociales Modelos de Gesti\u00f3n Taller de Pr\u00e1ctica I: [&hellip;]<\/p>\n","protected":false},"author":5,"featured_media":0,"parent":67,"menu_order":0,"comment_status":"closed","ping_status":"closed","template":"","meta":{"pgc_sgb_lightbox_settings":""},"_links":{"self":[{"href":"http:\/\/trabajosocial.ubiobio.cl\/index.php?rest_route=\/wp\/v2\/pages\/443"}],"collection":[{"href":"http:\/\/trabajosocial.ubiobio.cl\/index.php?rest_route=\/wp\/v2\/pages"}],"about":[{"href":"http:\/\/trabajosocial.ubiobio.cl\/index.php?rest_route=\/wp\/v2\/types\/page"}],"author":[{"embeddable":true,"href":"http:\/\/trabajosocial.ubiobio.cl\/index.php?rest_route=\/wp\/v2\/users\/5"}],"replies":[{"embeddable":true,"href":"http:\/\/trabajosocial.ubiobio.cl\/index.php?rest_route=%2Fwp%2Fv2%2Fcomments&post=443"}],"version-history":[{"count":8,"href":"http:\/\/trabajosocial.ubiobio.cl\/index.php?rest_route=\/wp\/v2\/pages\/443\/revisions"}],"predecessor-version":[{"id":942,"href":"http:\/\/trabajosocial.ubiobio.cl\/index.php?rest_route=\/wp\/v2\/pages\/443\/revisions\/942"}],"up":[{"embeddable":true,"href":"http:\/\/trabajosocial.ubiobio.cl\/index.php?rest_route=\/wp\/v2\/pages\/67"}],"wp:attachment":[{"href":"http:\/\/trabajosocial.ubiobio.cl\/index.php?rest_route=%2Fwp%2Fv2%2Fmedia&parent=443"}],"curies":[{"name":"wp","href":"https:\/\/api.w.org\/{rel}","templated":true}]}}

Mg. Eduardo Solís

<p class="has-text-align-center">Escuela de Trabajo Social, Sede Concepción / email: esolis@ubiobio.cl</p>



<div class="wp-block-image is-style-default"><figure class="aligncenter size-large is-resized"><img loading="lazy" src="http://trabajosocial.ubiobio.cl/wp-content/uploads/2021/05/IMG_4797-1-1024x693.jpg" alt="" class="wp-image-496" width="537" height="355"/></figure></div>



<h2><strong>Formación</strong></h2>



<ul><li>Trabajador Social, titulado en la Universidad de Concepción.</li><li>Magister en Trabajo Social y Políticas Sociales, Universidad de Concepción</li><li>Candidato a Doctor en Trabajo Social, Universidad Nacional de La Plata, Argentina</li></ul>



<h2>Docencia</h2>



<h4><strong>Asignaturas de pregrado:</strong></h4>



<ul><li>Planificación y proyectos sociales</li><li>Modelos de Gestión</li><li>Taller de Práctica I: Desarrollo de habilidades personales y sociales</li><li>Taller de Práctica II: Aproximación al campo y ejercicio profesional</li></ul>



<h2>Investigación</h2>



<h4><strong>Proyectos de Investigación:</strong></h4>



<h5><strong>Investigador principal:</strong></h5>



<ul><li>Resistencias políticas del movimiento estudiantil universitario entre 1983 y 1987, en el eje conurbano Concepción &#8211; Talcahuano. Universidad Nacional de La Plata – Universidad del Bio Bío, años 2020 &#8211; 2021.</li><li>Memorias colectivas sobre prácticas represivas de la dictadura militar en Concepción. Universidad del Bío-Bío, años 2019 &#8211; 2020.</li><li>Construcción de memorias  e identidades del Barrio Nonguén de Concepción, en el contexto de consolidación del modelo neoliberal en Chile. Universidad del Bío-Bío, años 2018 &#8211; 2019.</li><li>Distribución de  Capital Social en organizaciones sociales funcionales de la provincia de Concepción: análisis comparativo. Universidad del Bío-Bío, años 2010 &#8211; 2012.</li><li>Estudio y Caracterización de Feminicidios ocurridos en Chile durante período 2006 – 2007. Universidad de Concepción, años 2008 &#8211; 2011.</li><li>Descripción de la relación de víctimas de feminicidio en la octava región, con su entorno socio-familiar e institucional. Universidad del Bío-Bío, años 2008 &#8211; 2009</li></ul>



<h5>Investigador alterno:</h5>



<ul><li>Intervención Social en situaciones de exclusión: discursos y prácticas emergentes. Universidad del Bío-Bío.</li><li>Profesionales de las Ciencias Sociales en la provincia de concepción. Universidad del Bío-Bío.</li></ul>



<h4><strong>Artículos Científicos:</strong></h4>



<ul><li>Ciudadanía, democracia, desarrollo y su relación con los derechos humanos. Revista TS cuadernos de Trabajo Social, Co-autor. <a rel="noreferrer noopener" href="http://www.tscuadernosdetrabajosocial.cl/index.php/TS/article/view/18/17" data-type="URL" data-id="http://www.tscuadernosdetrabajosocial.cl/index.php/TS/article/view/18/17" target="_blank">Ver PDF</a></li><li>Del crimen pasional al femicidio: el caso de Petronila Neira (**). Revista TS cuadernos de Trabajo Social, Autor.                <a href="http://www.tscuadernosdetrabajosocial.cl/index.php/TS/article/view/124/121" data-type="URL" data-id="http://www.tscuadernosdetrabajosocial.cl/index.php/TS/article/view/124/121" target="_blank" rel="noreferrer noopener">Ver PDF </a></li><li>Género, Pobreza y su aplicabilidad en el Programa PUENTE. Revista del Colegio de Asistentes Sociales de Chile. Autor.</li></ul>



<h4><strong>Libros y Capítulos de Libro</strong></h4>



<ul><li>Social Intervention based on the Recovery of Memory: Experiences of the social intervention and inclusión programme in&nbsp; Palomares and Nonguen, Concepción , Chile. Libro: “Human Rights, Inclusion and Social Justice: International Perspectives on Challenges of Social Work in a Globalised World” Ed. Paulo Freire Verlag &#8211; Oldenburg. Co-autor.</li><li>Implementación de los planes de formación ciudadana en establecimientos educacionales de las provincias de Concepción y Ñuble, octava región, Chile. Libro: Formación Ciudadana en el contexto escolar. Conceptualización, avances y experiencias RIL Editores. Co-autor</li></ul>



<h2>Vinculación con el medio</h2>



<h4>Proyectos de extensión:</h4>



<ul><li>«Exclusión social e inserción socio-laboral de inmigrantes» Jefe de proyecto</li><li>«Primeras Jornadas&nbsp; sobre Derechos Humanos e Inclusión Social» Jefe de proyecto</li><li>Programa de Extensión Relevante “Museo de la Memoria y los Derechos Humanos” Co-director</li></ul>



<h4>Otros antecedentes:</h4>



<ul><li>Director del “Diplomado de Derechos Humanos y Función Pública” impartido por la Universidad del Bio Bío en conjunto con el Instituto Nacional de Derechos Humanos</li><li>Miembro de la Mesa de Coordinación de la “Red Nacional de Educación en Derechos Humanos” (REEDH)</li><li>Miembro del Grupo de Investigación inter-universidades “Memorias Colectivas del Bio Bío”</li></ul>



<p></p>

<p>Escuela de Trabajo Social, Sede Concepción / email: esolis@ubiobio.cl Formación Trabajador Social, titulado en la Universidad de Concepción. Magister en Trabajo Social y Políticas Sociales, Universidad de Concepción Candidato a Doctor en Trabajo Social, Universidad Nacional de La Plata, Argentina Docencia Asignaturas de pregrado: Planificación y proyectos sociales Modelos de Gestión Taller de Práctica I: [&hellip;]</p>
