{"id":127,"date":"2020-11-10T17:25:41","date_gmt":"2020-11-10T20:25:41","guid":{"rendered":"http:\/\/trabajosocial.ubiobio.cl\/?page_id=127"},"modified":"2023-11-22T16:28:29","modified_gmt":"2023-11-22T19:28:29","slug":"ciisets","status":"publish","type":"page","link":"http:\/\/trabajosocial.ubiobio.cl\/?page_id=127","title":{"rendered":"CIISETS"},"content":{"rendered":"\n<figure class=\"wp-block-image size-large is-resized\"><img loading=\"lazy\" src=\"http:\/\/trabajosocial.ubiobio.cl\/wp-content\/uploads\/2021\/07\/2013-inauguracion-ciisets-885x1179-1-769x1024.png\" alt=\"\" class=\"wp-image-1046\" width=\"435\" height=\"579\" srcset=\"http:\/\/trabajosocial.ubiobio.cl\/wp-content\/uploads\/2021\/07\/2013-inauguracion-ciisets-885x1179-1-769x1024.png 769w, http:\/\/trabajosocial.ubiobio.cl\/wp-content\/uploads\/2021\/07\/2013-inauguracion-ciisets-885x1179-1-225x300.png 225w, http:\/\/trabajosocial.ubiobio.cl\/wp-content\/uploads\/2021\/07\/2013-inauguracion-ciisets-885x1179-1-768x1023.png 768w, http:\/\/trabajosocial.ubiobio.cl\/wp-content\/uploads\/2021\/07\/2013-inauguracion-ciisets-885x1179-1-720x959.png 720w, http:\/\/trabajosocial.ubiobio.cl\/wp-content\/uploads\/2021\/07\/2013-inauguracion-ciisets-885x1179-1.png 885w\" sizes=\"(max-width: 435px) 100vw, 435px\" \/><\/figure>\n\n\n\n<p>El Centro de Intervenci\u00f3n e Investigaci\u00f3n Social de la Escuela de Trabajo Social (CIISETS) nace como respuesta a las constantes reflexiones y desaf\u00edos que se ha propuesto la Escuela de Trabajo Social de la Universidad del B\u00edo- B\u00edo, en conjunto con sus estudiantes, centrado en fortalecer la identidad de la disciplina mediante la creaci\u00f3n de un espacio propio para el ejercicio del Trabajo Social y tambi\u00e9n como un centro de pr\u00e1ctica de los estudiantes donde se pueden llevar a cabo labores que son propias de la formaci\u00f3n.<br><br>Leer m\u00e1s: <a href=\"http:\/\/ciisets.ubiobio.cl\" data-type=\"URL\" data-id=\"http:\/\/ciisets.ubiobio.cl\">http:\/\/ciisets.ubiobio.cl<\/a><\/p>\n","protected":false},"excerpt":{"rendered":"<p>El Centro de Intervenci\u00f3n e Investigaci\u00f3n Social de la Escuela de Trabajo Social (CIISETS) nace como respuesta a las constantes reflexiones y desaf\u00edos que se ha propuesto la Escuela de Trabajo Social de la Universidad del B\u00edo- B\u00edo, en conjunto con sus estudiantes, centrado en fortalecer la identidad de la disciplina mediante la creaci\u00f3n de [&hellip;]<\/p>\n","protected":false},"author":1,"featured_media":0,"parent":50,"menu_order":0,"comment_status":"closed","ping_status":"closed","template":"","meta":{"pgc_sgb_lightbox_settings":""},"_links":{"self":[{"href":"http:\/\/trabajosocial.ubiobio.cl\/index.php?rest_route=\/wp\/v2\/pages\/127"}],"collection":[{"href":"http:\/\/trabajosocial.ubiobio.cl\/index.php?rest_route=\/wp\/v2\/pages"}],"about":[{"href":"http:\/\/trabajosocial.ubiobio.cl\/index.php?rest_route=\/wp\/v2\/types\/page"}],"author":[{"embeddable":true,"href":"http:\/\/trabajosocial.ubiobio.cl\/index.php?rest_route=\/wp\/v2\/users\/1"}],"replies":[{"embeddable":true,"href":"http:\/\/trabajosocial.ubiobio.cl\/index.php?rest_route=%2Fwp%2Fv2%2Fcomments&post=127"}],"version-history":[{"count":11,"href":"http:\/\/trabajosocial.ubiobio.cl\/index.php?rest_route=\/wp\/v2\/pages\/127\/revisions"}],"predecessor-version":[{"id":1272,"href":"http:\/\/trabajosocial.ubiobio.cl\/index.php?rest_route=\/wp\/v2\/pages\/127\/revisions\/1272"}],"up":[{"embeddable":true,"href":"http:\/\/trabajosocial.ubiobio.cl\/index.php?rest_route=\/wp\/v2\/pages\/50"}],"wp:attachment":[{"href":"http:\/\/trabajosocial.ubiobio.cl\/index.php?rest_route=%2Fwp%2Fv2%2Fmedia&parent=127"}],"curies":[{"name":"wp","href":"https:\/\/api.w.org\/{rel}","templated":true}]}}