{"id":1154,"date":"2021-09-15T15:53:42","date_gmt":"2021-09-15T18:53:42","guid":{"rendered":"http:\/\/trabajosocial.ubiobio.cl\/?page_id=1154"},"modified":"2021-09-15T16:00:17","modified_gmt":"2021-09-15T19:00:17","slug":"modelo-educativo","status":"publish","type":"page","link":"http:\/\/trabajosocial.ubiobio.cl\/?page_id=1154","title":{"rendered":"Modelo educativo"},"content":{"rendered":"\n<p>El Modelo Educativo de la Universidad del B\u00edo-B\u00edo es un marco general que establece una base conceptual global para la docencia de toda la universidad y contiene la representaci\u00f3n del dise\u00f1o, de la estructura, de los componentes curriculares esenciales del proceso formativo y de las relaciones entre \u00e9stos. Incorpora el sello institucional a trav\u00e9s de los ejes tem\u00e1ticos: compromiso, diversidad y excelencia.<\/p>\n\n\n\n<p>Las orientaciones del modelo educativo gu\u00edan la gesti\u00f3n curricular de la Universidad del B\u00edo-B\u00edo, considerando los siguientes aspectos contextuales:<\/p>\n\n\n\n<p>La sociedad actual. La necesidad de integrar nuevos componentes al proceso de formaci\u00f3n que den respuesta a recientes conocimientos, habilidades y actitudes que derivan del entorno regional, nacional y mundial, tales como: la internacionalizaci\u00f3n del pa\u00eds, la necesidad de mantenerse competitivos a trav\u00e9s de la innovaci\u00f3n y el emprendimiento, la transici\u00f3n hacia una sociedad del conocimiento y las exigencias de aseguramiento de la calidad en los procesos educativos<br>El estudiante. El actual contexto sociocultural configura un sujeto con caracter\u00edsticas, necesidades y expectativas de formaci\u00f3n diferentes, lo que comporta el desarrollo de nuevas habilidades y actitudes que le permiten una integraci\u00f3n social e inserci\u00f3n en la sociedad como un profesional de excelencia.<br>El aumento y la diversidad de la poblaci\u00f3n que ingresa a la Educaci\u00f3n Superior, hoy, constituye un nuevo hecho que admite nuevos requerimientos, pues se cuenta con un tipo de estudiante que posee mayor acceso y manejo de las tecnolog\u00edas de la informaci\u00f3n, lo que conlleva nuevas formas de aprender, de comunicarse y relacionarse con su realidad pr\u00f3xima y con el mundo.<\/p>\n\n\n\n<p>Desarrolla una propuesta de formaci\u00f3n profesional, que se materializa a trav\u00e9s del Proceso de Ense\u00f1anza y Aprendizaje, el cual asume los componentes claves de una nueva forma de aprender acorde con las actuales potencialidades de la ciencia, la cultura y la sociedad, permite la retroalimentaci\u00f3n permanente de los procesos de ense\u00f1anza y aprendizaje y, a la vez, proporciona indicadores para evaluar y perfeccionar el propio modelo.<\/p>\n\n\n\n<figure class=\"wp-block-image size-large\"><img src=\"http:\/\/www.ubiobio.cl\/web\/img\/modelo_educativo.png\" alt=\"\"\/><\/figure>\n\n\n\n<p><\/p>\n\n\n\n<p>M\u00e1s informaci\u00f3n: <\/p>\n\n\n\n<p><a href=\"https:\/\/www.ubiobio.cl\/w\/m.php?id=55\">https:\/\/www.ubiobio.cl\/w\/m.php?id=55<\/a><\/p>\n\n\n\n<p><\/p>\n\n\n\n<p><\/p>\n\n\n\n<p><\/p>\n","protected":false},"excerpt":{"rendered":"<p>El Modelo Educativo de la Universidad del B\u00edo-B\u00edo es un marco general que establece una base conceptual global para la docencia de toda la universidad y contiene la representaci\u00f3n del dise\u00f1o, de la estructura, de los componentes curriculares esenciales del proceso formativo y de las relaciones entre \u00e9stos. Incorpora el sello institucional a trav\u00e9s de [&hellip;]<\/p>\n","protected":false},"author":1,"featured_media":0,"parent":6,"menu_order":1,"comment_status":"closed","ping_status":"closed","template":"","meta":{"pgc_sgb_lightbox_settings":""},"_links":{"self":[{"href":"http:\/\/trabajosocial.ubiobio.cl\/index.php?rest_route=\/wp\/v2\/pages\/1154"}],"collection":[{"href":"http:\/\/trabajosocial.ubiobio.cl\/index.php?rest_route=\/wp\/v2\/pages"}],"about":[{"href":"http:\/\/trabajosocial.ubiobio.cl\/index.php?rest_route=\/wp\/v2\/types\/page"}],"author":[{"embeddable":true,"href":"http:\/\/trabajosocial.ubiobio.cl\/index.php?rest_route=\/wp\/v2\/users\/1"}],"replies":[{"embeddable":true,"href":"http:\/\/trabajosocial.ubiobio.cl\/index.php?rest_route=%2Fwp%2Fv2%2Fcomments&post=1154"}],"version-history":[{"count":1,"href":"http:\/\/trabajosocial.ubiobio.cl\/index.php?rest_route=\/wp\/v2\/pages\/1154\/revisions"}],"predecessor-version":[{"id":1155,"href":"http:\/\/trabajosocial.ubiobio.cl\/index.php?rest_route=\/wp\/v2\/pages\/1154\/revisions\/1155"}],"up":[{"embeddable":true,"href":"http:\/\/trabajosocial.ubiobio.cl\/index.php?rest_route=\/wp\/v2\/pages\/6"}],"wp:attachment":[{"href":"http:\/\/trabajosocial.ubiobio.cl\/index.php?rest_route=%2Fwp%2Fv2%2Fmedia&parent=1154"}],"curies":[{"name":"wp","href":"https:\/\/api.w.org\/{rel}","templated":true}]}}