{"id":1018,"date":"2021-07-26T16:29:58","date_gmt":"2021-07-26T20:29:58","guid":{"rendered":"http:\/\/trabajosocial.ubiobio.cl\/?page_id=1018"},"modified":"2021-07-26T16:44:31","modified_gmt":"2021-07-26T20:44:31","slug":"dra-carmen-gloria-jarpa","status":"publish","type":"page","link":"http:\/\/trabajosocial.ubiobio.cl\/?page_id=1018","title":{"rendered":"Dra. Carmen Gloria Jarpa"},"content":{"rendered":"\n<p>Escuela de Trabajo Social, Sede Chill\u00e1n \/ Correo: cjarpa@ubiobio.cl<\/p>\n\n\n\n<figure class=\"wp-block-image size-large is-resized\"><img loading=\"lazy\" src=\"http:\/\/trabajosocial.ubiobio.cl\/wp-content\/uploads\/2021\/07\/1365517624.png\" alt=\"\" class=\"wp-image-938\" width=\"322\" height=\"340\"\/><\/figure>\n\n\n\n<h2><strong>Formaci\u00f3n<\/strong><\/h2>\n\n\n\n<ul><li>Asistente Social por la Universidad de Concepci\u00f3n.<\/li><li>Licenciada en Educaci\u00f3n por la Universidad de Playa Ancha de Ciencias de la Educaci\u00f3n.<\/li><li>Mag\u00edster en Familia por la Universidad del B\u00edo- B\u00edo<\/li><li>Doctora en Ciencias de la Educaci\u00f3n por la Universidad de la Frontera.<\/li><\/ul>\n\n\n\n<h2>Docencia<\/h2>\n\n\n\n<p><strong>\u00daltimas Asignaturas de pregrado dictadas (2020 \u2013 2021)<\/strong><\/p>\n\n\n\n<ul><li>Epistemolog\u00eda de las Ciencias Sociales.<\/li><li>Sistematizaci\u00f3n para el Trabajo Social.<\/li><\/ul>\n\n\n\n<h2>Investigaci\u00f3n<\/h2>\n\n\n\n<p><strong>Extracto<\/strong>\u00a0<strong>de<\/strong>\u00a0<strong>Proyectos de Investigaci\u00f3n Externos<\/strong><\/p>\n\n\n\n<ul><li>No existe registros.<\/li><\/ul>\n\n\n\n<p><strong>Extracto de<\/strong>\u00a0<strong>Proyectos de Investigaci\u00f3n Internos<\/strong><\/p>\n\n\n\n<ul><li>Proyecto DIUBB 2150321 \u201cRepresentaciones Sociales de acad\u00e9micos\/as de carreras de Trabajo Social del CRUCH de las regiones de \u00d1uble y B\u00edo-B\u00edo sobre la inclusi\u00f3n en Educaci\u00f3n Superior\u201d, 2021-2022, Jefe de Proyecto.<\/li><li>Proyecto FID Regular 2150306 IenDA\/R \u201cValor agregado en el proceso de formaci\u00f3n inicial docente: una aproximaci\u00f3n a la estimaci\u00f3n del tama\u00f1o del efecto de la intervenci\u00f3n docente en pedagog\u00eda\u201d, 2021-2023, Coinvestigadora.<\/li><li>Proyecto FID Regular 2150308 IenDA\/R \u201cEvaluaci\u00f3n de la Estrategia de Elaboraci\u00f3n de material concreto para el an\u00e1lisis comprensivo de la relaci\u00f3n familia-escuela en la formaci\u00f3n inicial docente\u201d, 2021-2022, Coinvestigadora.<\/li><li>Proyecto DIUBB 185324 2\/D \u201cEstudiantes Primera Generaci\u00f3n en la Universidad del B\u00edo-B\u00edo: Aproximaci\u00f3n a los significados de docentes universitarios\u201d, 2018-2019, Jefe de Proyecto.<\/li><\/ul>\n\n\n\n<p><strong>Algunos<\/strong>\u00a0<strong>Art\u00edculos Cient\u00edficos<\/strong><\/p>\n\n\n\n<ul><li>2021: First Generation in Chilean Higher Education: Tension between access and inclusion in a segmented university system, Revista Bulletin of Latin American Research, WoS.<\/li><li>2021: Debilidad en la relaci\u00f3n familia-escuela, evidencias desde la mirada de futuros docentes, Revista Perspectiva educacional, Scielo.<\/li><li>2021: Recuperaci\u00f3n de la memoria hist\u00f3rica en la Poblaci\u00f3n Vicente P\u00e9rez Rosales, de Chill\u00e1n: lucha por derechos y conciencia pol\u00edtica, Revista Estudios del Desarrollo Social: Cuba y Am\u00e9rica Latina, Corriente principal.<\/li><li>2021: Representaciones sociales sobre estilo de autoridad y tipos de interacci\u00f3n en cuidadores de residencias de protecci\u00f3n infantil en Chile; Revista Prospectiva. Revista de Trabajo Social e Intervenci\u00f3n Social, Scielo.<\/li><li>2020: Representaciones sociales de duplas psicosociales sobre las acciones profesionales profesionales realizadas en establecimientos municipalizados, Chill\u00e1n, Chile. Revista Calidad en la Educaci\u00f3n, Scielo.<\/li><\/ul>\n\n\n\n<p><strong>Vinculaci\u00f3n con el medio<\/strong><\/p>\n\n\n\n<ul><li>CIISETS: fundadora y primera Coordinadora Acad\u00e9mica de CIISETS desde 2013 a 2020.<\/li><\/ul>\n","protected":false},"excerpt":{"rendered":"<p>Escuela de Trabajo Social, Sede Chill\u00e1n \/ Correo: cjarpa@ubiobio.cl Formaci\u00f3n Asistente Social por la Universidad de Concepci\u00f3n. Licenciada en Educaci\u00f3n por la Universidad de Playa Ancha de Ciencias de la Educaci\u00f3n. Mag\u00edster en Familia por la Universidad del B\u00edo- B\u00edo Doctora en Ciencias de la Educaci\u00f3n por la Universidad de la Frontera. Docencia \u00daltimas Asignaturas [&hellip;]<\/p>\n","protected":false},"author":6,"featured_media":0,"parent":67,"menu_order":0,"comment_status":"closed","ping_status":"closed","template":"","meta":{"pgc_sgb_lightbox_settings":""},"_links":{"self":[{"href":"http:\/\/trabajosocial.ubiobio.cl\/index.php?rest_route=\/wp\/v2\/pages\/1018"}],"collection":[{"href":"http:\/\/trabajosocial.ubiobio.cl\/index.php?rest_route=\/wp\/v2\/pages"}],"about":[{"href":"http:\/\/trabajosocial.ubiobio.cl\/index.php?rest_route=\/wp\/v2\/types\/page"}],"author":[{"embeddable":true,"href":"http:\/\/trabajosocial.ubiobio.cl\/index.php?rest_route=\/wp\/v2\/users\/6"}],"replies":[{"embeddable":true,"href":"http:\/\/trabajosocial.ubiobio.cl\/index.php?rest_route=%2Fwp%2Fv2%2Fcomments&post=1018"}],"version-history":[{"count":3,"href":"http:\/\/trabajosocial.ubiobio.cl\/index.php?rest_route=\/wp\/v2\/pages\/1018\/revisions"}],"predecessor-version":[{"id":1022,"href":"http:\/\/trabajosocial.ubiobio.cl\/index.php?rest_route=\/wp\/v2\/pages\/1018\/revisions\/1022"}],"up":[{"embeddable":true,"href":"http:\/\/trabajosocial.ubiobio.cl\/index.php?rest_route=\/wp\/v2\/pages\/67"}],"wp:attachment":[{"href":"http:\/\/trabajosocial.ubiobio.cl\/index.php?rest_route=%2Fwp%2Fv2%2Fmedia&parent=1018"}],"curies":[{"name":"wp","href":"https:\/\/api.w.org\/{rel}","templated":true}]}}